{"id":1823,"date":"2018-06-01T11:54:38","date_gmt":"2018-06-01T09:54:38","guid":{"rendered":"https:\/\/arteoconseil.fr\/formation\/?page_id=1823"},"modified":"2020-12-21T12:06:54","modified_gmt":"2020-12-21T11:06:54","slug":"politique-de-confidentialite","status":"publish","type":"page","link":"https:\/\/arteoconseil.fr\/formation\/politique-de-confidentialite\/","title":{"rendered":"Politique de confidentialit\u00e9"},"content":{"rendered":"<p><strong>Introduction<\/strong><\/p>\n<p>ARTEO CONSEIL vous informe de la possible collecte de certaines de vos donn\u00e9es personnelles, c&rsquo;est pourquoi nous nous engageons \u00e0 respecter la confidentialit\u00e9 des renseignement personnels que nous collectons conform\u00e9ment au R\u00e8glement G\u00e9n\u00e9ral sur la Protection des Donn\u00e9es (General Data Protection Regulation) adopt\u00e9 par le Parlement Europ\u00e9en le 14 Avril 2016 et \u00e0 la Loi Informatique et Libert\u00e9s du 6 Janvier 1978 modifi\u00e9e.<\/p>\n<hr \/>\n<h2>Collecte des renseignements personnels<\/h2>\n<p>Nous collectons les renseignements suivants :<\/p>\n<ul>\n<li>Nom<\/li>\n<li>Pr\u00e9nom<\/li>\n<li>Adresse \u00e9lectronique<\/li>\n<li>Num\u00e9ro de t\u00e9l\u00e9phone \/ t\u00e9l\u00e9copieur<\/li>\n<li>Adresse IP (via les cookies)<\/li>\n<\/ul>\n<p>Les renseignements personnels que nous collectons sont recueillis au travers de formulaires et gr\u00e2ce \u00e0 l&rsquo;interactivit\u00e9 \u00e9tablie entre vous et notre site Web. Nous utilisons \u00e9galement, comme indiqu\u00e9 dans la section suivante, des fichiers t\u00e9moins et\/ou journaux pour r\u00e9unir des informations vous concernant.<\/p>\n<p>Ces informations nous permettent de vous fournir les informations ou services que vous avez demand\u00e9s (demande de devis, propositions de tarifs, envoi de newsletter si vous y \u00eates inscrit&#8230;). La soci\u00e9t\u00e9 ARTEO Conseil est la seule destinataire des informations personnelles que vous lui fournissez par le biais des formulaires pr\u00e9sents sur notre site Web. Toutefois, vous \u00eates avertis qu&rsquo;elle fait appel \u00e0 des prestataires ext\u00e9rieurs techniques susceptibles d&rsquo;avoir acc\u00e8s \u00e0 vos donn\u00e9es et de les traiter (prestataires pour l&rsquo;h\u00e9bergement, agence web&#8230;). Les donn\u00e9es personnelles recueillies ne sont en aucun cas commercialis\u00e9es ni par ARTEO Conseil ni par ses \u00e9ventuels sous-traitants, qui garantissent suivre la l\u00e9gislation en mati\u00e8re de protection et d&rsquo;utilisation des donn\u00e9es personnelles.<\/p>\n<hr \/>\n<h2>Formulaires\u00a0 et interactivit\u00e9:<\/h2>\n<p>Nous utilisons les renseignements ainsi collect\u00e9s pour les finalit\u00e9s suivantes :<\/p>\n<ul>\n<li>Statistiques<\/li>\n<li>Contact<\/li>\n<li>newsletter<\/li>\n<\/ul>\n<p>Vos renseignements sont \u00e9galement collect\u00e9s par le biais de l&rsquo;interactivit\u00e9 pouvant s&rsquo;\u00e9tablir entre vous et notre site Web et ce, de la fa\u00e7on suivante:<\/p>\n<ul>\n<li>Statistiques<\/li>\n<li>Contact<\/li>\n<\/ul>\n<p>Nous utilisons les renseignements ainsi collect\u00e9s pour les finalit\u00e9s suivantes :<\/p>\n<ul>\n<li>Commentaires<\/li>\n<\/ul>\n<hr \/>\n<h2>Fichiers journaux et t\u00e9moins<\/h2>\n<p>Lorsque vous naviguez sur les diff\u00e9rents sites internet de la soci\u00e9t\u00e9 ARTEO Conseil, des cookies de publicit\u00e9 peuvent \u00eatre implant\u00e9s sur votre terminal, afin de nous permettre de comprendre vos habitudes de navigation et de vous garantir une utilisation optimale de nos sites. Les \u00ab\u00a0cookies\u00a0\u00bb sont des petits fichiers texte qui permettent de reconna\u00eetre votre ordinateur, votre tablette ou votre mobile lors qu&rsquo;une connexion future. Les cookies ne permettent pas d&rsquo;identifier un visiteur nominativement, les donn\u00e9es recueillies ne sont ni commercialis\u00e9es, ni divulgu\u00e9es, sauf dans le cadre d&rsquo;une demande formul\u00e9e par un tribunal ou une autorit\u00e9 juridique.<\/p>\n<p>L&rsquo;utilisation de cookies est effectu\u00e9e aux fins suivantes :<\/p>\n<p>-Permettre une navigation personnalis\u00e9e. Ces cookies nous permettent de vous reconna\u00eetre et de m\u00e9moriser les donn\u00e9es que vous avez saisies lors votre navigation sur l&rsquo;un sites internet. Ils facilitent votre navigation puisqu&rsquo;ils permettent de ne pas vous demander les m\u00eames informations plusieurs fois lorsque vous vous rendez sur notre site.<\/p>\n<p>-Analyser les donn\u00e9es techniques de nos sites internet de arteoconseil.fr . Nous utilisons les cookies et les balises Web Google Analytics pour collecter des informations li\u00e9es \u00e0 l&rsquo;activit\u00e9 de notre site et au nombre de visiteurs. Ce sont ces outils qui nous permettent d&rsquo;\u00e9valuer les performances de nos sites internet en mati\u00e8re de navigation, et vous fournir des messages de publicit\u00e9 personnalis\u00e9s.<\/p>\n<p>Lors de votre premi\u00e8re connexion sur l&rsquo;un des sites internet ARTEO Conseil, un bandeau vous avertit que des informations relatives \u00e0 votre navigation sont susceptibles d&rsquo;\u00eatre enregistr\u00e9es dans des fichiers d\u00e9nomm\u00e9s \u00ab\u00a0cookies\u00a0\u00bb. Celui-ci vous pr\u00e9cise qu&rsquo;en poursuivant votre navigation sur le site Web (en cliquant sur un \u00e9l\u00e9ment ou une page) ou en cliquant sur la croix de fermeture, vous acceptez le d\u00e9p\u00f4t de cookies. Toutefois vous disposez du droit de refuser et\/ou de configurer le d\u00e9p\u00f4t de cookies \u00e0 tout moment.<\/p>\n<p>On distingue deux types de cookies:<\/p>\n<p>Les cookies exempt\u00e9s de consentement et les cookies n\u00e9cessitant le recueil pr\u00e9alable de votre consentement.<\/p>\n<p>D\u00e9finis par la CNIL, certains types de cookies ne demandent pas de consentement pr\u00e9alable car ils sont r\u00e9put\u00e9s comme strictement n\u00e9cessaires au fonctionnement du site internet ainsi qu&rsquo;\u00e0 la communication par voie \u00e9lectronique. Il s&rsquo;agit, par exemple, des cookies d&rsquo;identifiant de session ou d&rsquo;authentification. Ensuite certains types de cookies sont plac\u00e9s par des tiers avec notre autorisation et soumis \u00e0 la politique de confidentialit\u00e9 de ces tiers quant \u00e0 leur utilisation.<\/p>\n<p>Dans cette deuxi\u00e8me cat\u00e9gorie sont compris :<\/p>\n<p>-Les cookies et tags provenant de sites de mesure d&rsquo;audience tels que <em>Google Analytics<\/em> qui nous permettent de mesurer les statistiques de navigation et d&rsquo;utilisation des sites Web.<\/p>\n<p>-Les cookies pouvant \u00eatre int\u00e9gr\u00e9s par <em>YouTube<\/em>. En effet pour illustrer notre site, nous pouvons int\u00e9grer des vid\u00e9os provenant de <em>YouTube<\/em>. Nous n&rsquo;avons aucun contr\u00f4le sur cette op\u00e9ration, pour de plus amples informations sur ces cookies et refuser le placement de ceux-ci, vous pouvez consulter la <a href=\"https:\/\/policies.google.com\/privacy?hl=fr\">\u00ab\u00a0Charte de la vie priv\u00e9e\u00a0\u00bb<\/a> sur <em>YouTube<\/em>. Des objets de stockage local peuvent \u00eatre utilis\u00e9s par les vid\u00e9os YouTube pr\u00e9sentes sur notre site dans le but d&rsquo;enregistrer les pr\u00e9f\u00e9rences (le contr\u00f4le du volume, par exemple). Les objets de stockage local sont diff\u00e9rents des cookies en fonction de la quantit\u00e9 et du type de donn\u00e9es ainsi que de la mani\u00e8re dont elles sont stock\u00e9es. Pour en savoir davantage sur la mani\u00e8re de g\u00e9rer la confidentialit\u00e9 et la mise en m\u00e9moire de param\u00e8tres pour les cookies Flash. Cliquez <a href=\"http:\/\/www.macromedia.com\/support\/documentation\/fr\/flashplayer\/help\/settings_manager.html#117118\">ici<\/a>.<\/p>\n<p>-Les cookies de partage de r\u00e9seaux sociaux (notamment de Facebook, YouTube, Twitter et LinkedIn). Notre site propose des fonctionnalit\u00e9s de partage de nos pages sur diff\u00e9rents r\u00e9seaux sociaux. Si vous les utilisez, la soci\u00e9t\u00e9 \u00e9ditrice du r\u00e9seau social concern\u00e9 peut collecter votre adresse IP, les pages que vous visitez sur notre site et peut placer des cookies lorsque vous \u00eates connect\u00e9s \u00e0 leurs services. Vos interactions avec ces fonctionnalit\u00e9s sont gouvern\u00e9es par la politique de confidentialit\u00e9 en question. Pour plus d&rsquo;information sur les cookies d\u00e9pos\u00e9s par ces r\u00e9seaux sociaux, nous vous invitons \u00e0 consulter leurs chartes de la vie priv\u00e9e accessibles via les liens suivant :<\/p>\n<p><a href=\"https:\/\/www.facebook.com\/about\/privacy\/\">Facebook<\/a>\u00a0\u00a0\u00a0\u00a0 &#8211;\u00a0\u00a0\u00a0\u00a0 <a href=\"https:\/\/www.linkedin.com\/legal\/privacy-policy\">LinkedIn<\/a>\u00a0\u00a0\u00a0\u00a0 &#8211;\u00a0\u00a0\u00a0\u00a0 <a href=\"https:\/\/twitter.com\/fr\/privacy\">Twitter<\/a><\/p>\n<p>La plupart des navigateurs Internet sont configur\u00e9s par d\u00e9faut de fa\u00e7on \u00e0 ce que le d\u00e9p\u00f4t de cookies soit autoris\u00e9. Vous pouvez param\u00e9trer votre navigateur pour qu&rsquo;il refuse tout ou partie des cookies. Vous \u00eates cependant avertis que le refus du d\u00e9p\u00f4t de cookies sur votre terminal est susceptible d&rsquo;alt\u00e9rer votre exp\u00e9rience d&rsquo;utilisateur ainsi que votre acc\u00e8s \u00e0 certains services ou fonctionnalit\u00e9s des sites internet ARTEO Conseil.<\/p>\n<p>Voici donc les informations que nous pr\u00e9levons par le biais des cookies :<\/p>\n<ul>\n<li>Adresse IP (comme annonc\u00e9 ci-dessus)<\/li>\n<li>Syst\u00e8me d&rsquo;exploitation<\/li>\n<li>Pages visit\u00e9es et requ\u00eates<\/li>\n<li>Heure et jour de connexion<\/li>\n<\/ul>\n<hr \/>\n<h2>Droits d&rsquo;acc\u00e8s, d&rsquo;opposition et de retrait<\/h2>\n<p>Vous disposez du droit d&rsquo;acc\u00e8s, de rectification, de suppression, de mises \u00e0 jour des Informations Personnelles qui vous concernent, en effectuant une simple demande \u00e9crite aupr\u00e8s de notre soci\u00e9t\u00e9, \u00e0 la condition expresse de fournir \u00e0 ARTEO Conseil la preuve de votre identit\u00e9 en produisant copie d&rsquo;une pi\u00e8ce d&rsquo;identit\u00e9 officielle valide (scan ou photocopie). ARTEO Conseil se r\u00e9serve le droit de s&rsquo;opposer \u00e0 votre demande si celle-ci est jug\u00e9e comme rev\u00eatant un caract\u00e8re abusif (de par leur nombre, leur caract\u00e8re r\u00e9p\u00e9titif ou syst\u00e9matique). Vous disposez \u00e9galement d&rsquo;un droit d&rsquo;opposition de l&rsquo;utilisation de vos donn\u00e9es \u00e0 des fins de prospection commerciale, que vous pouvez stipuler par une demande aupr\u00e8s de la soci\u00e9t\u00e9 ARTEO Conseil.<\/p>\n<p>Si vous estimez que ARTEO Conseil a enfreint ses obligations r\u00e9glementaires au regard de vos Informations Personnelles, vous pouvez adresser une plainte ou une demande aupr\u00e8s de l&rsquo;autorit\u00e9 comp\u00e9tente fran\u00e7aise, la CNIL.<\/p>\n<p>Pour pouvoir exercer ces droits, vous pouvez nous contacter ici :<br \/>\nCode postal : 75 Boulevard Oyon, Le Mans 72100<br \/>\nCourriel : contact@arteoconseil.fr<br \/>\nT\u00e9l\u00e9phone : 0243808719<br \/>\nSection du site web : www.arteoconseil.fr\/contact\/<\/p>\n","protected":false},"excerpt":{"rendered":"<p>Introduction ARTEO CONSEIL vous informe de la possible collecte de certaines de vos donn\u00e9es personnelles, c&rsquo;est pourquoi nous nous engageons \u00e0 respecter la confidentialit\u00e9 des renseignement personnels que nous collectons conform\u00e9ment au R\u00e8glement G\u00e9n\u00e9ral sur la Protection des Donn\u00e9es (General Data Protection Regulation) adopt\u00e9 par le Parlement Europ\u00e9en le 14 Avril 2016 et \u00e0 la [&hellip;]<\/p>\n","protected":false},"author":7,"featured_media":0,"parent":0,"menu_order":80,"comment_status":"closed","ping_status":"closed","template":"","meta":{"_et_pb_use_builder":"","_et_pb_old_content":"","_et_gb_content_width":"","_exactmetrics_skip_tracking":false,"_exactmetrics_sitenote_active":false,"_exactmetrics_sitenote_note":"","_exactmetrics_sitenote_category":0,"footnotes":""},"class_list":["post-1823","page","type-page","status-publish","hentry"],"yoast_head":"<!-- This site is optimized with the Yoast SEO plugin v27.4 - https:\/\/yoast.com\/product\/yoast-seo-wordpress\/ -->\n<title>Politique de confidentialit\u00e9 - Formation<\/title>\n<meta name=\"robots\" content=\"index, follow, max-snippet:-1, max-image-preview:large, max-video-preview:-1\" \/>\n<link rel=\"canonical\" href=\"https:\/\/arteoconseil.fr\/formation\/politique-de-confidentialite\/\" \/>\n<meta property=\"og:locale\" content=\"fr_FR\" \/>\n<meta property=\"og:type\" content=\"article\" \/>\n<meta property=\"og:title\" content=\"Politique de confidentialit\u00e9 - Formation\" \/>\n<meta property=\"og:description\" content=\"Introduction ARTEO CONSEIL vous informe de la possible collecte de certaines de vos donn\u00e9es personnelles, c&rsquo;est pourquoi nous nous engageons \u00e0 respecter la confidentialit\u00e9 des renseignement personnels que nous collectons conform\u00e9ment au R\u00e8glement G\u00e9n\u00e9ral sur la Protection des Donn\u00e9es (General Data Protection Regulation) adopt\u00e9 par le Parlement Europ\u00e9en le 14 Avril 2016 et \u00e0 la [&hellip;]\" \/>\n<meta property=\"og:url\" content=\"https:\/\/arteoconseil.fr\/formation\/politique-de-confidentialite\/\" \/>\n<meta property=\"og:site_name\" content=\"Formation\" \/>\n<meta property=\"article:modified_time\" content=\"2020-12-21T11:06:54+00:00\" \/>\n<meta name=\"twitter:card\" content=\"summary_large_image\" \/>\n<meta name=\"twitter:label1\" content=\"Dur\u00e9e de lecture estim\u00e9e\" \/>\n\t<meta name=\"twitter:data1\" content=\"7 minutes\" \/>\n<script type=\"application\/ld+json\" class=\"yoast-schema-graph\">{\"@context\":\"https:\\\/\\\/schema.org\",\"@graph\":[{\"@type\":\"WebPage\",\"@id\":\"https:\\\/\\\/arteoconseil.fr\\\/formation\\\/politique-de-confidentialite\\\/\",\"url\":\"https:\\\/\\\/arteoconseil.fr\\\/formation\\\/politique-de-confidentialite\\\/\",\"name\":\"Politique de confidentialit\u00e9 - Formation\",\"isPartOf\":{\"@id\":\"https:\\\/\\\/arteoconseil.fr\\\/formation\\\/#website\"},\"datePublished\":\"2018-06-01T09:54:38+00:00\",\"dateModified\":\"2020-12-21T11:06:54+00:00\",\"breadcrumb\":{\"@id\":\"https:\\\/\\\/arteoconseil.fr\\\/formation\\\/politique-de-confidentialite\\\/#breadcrumb\"},\"inLanguage\":\"fr-FR\",\"potentialAction\":[{\"@type\":\"ReadAction\",\"target\":[\"https:\\\/\\\/arteoconseil.fr\\\/formation\\\/politique-de-confidentialite\\\/\"]}]},{\"@type\":\"BreadcrumbList\",\"@id\":\"https:\\\/\\\/arteoconseil.fr\\\/formation\\\/politique-de-confidentialite\\\/#breadcrumb\",\"itemListElement\":[{\"@type\":\"ListItem\",\"position\":1,\"name\":\"Accueil\",\"item\":\"https:\\\/\\\/arteoconseil.fr\\\/formation\\\/\"},{\"@type\":\"ListItem\",\"position\":2,\"name\":\"Politique de confidentialit\u00e9\"}]},{\"@type\":\"WebSite\",\"@id\":\"https:\\\/\\\/arteoconseil.fr\\\/formation\\\/#website\",\"url\":\"https:\\\/\\\/arteoconseil.fr\\\/formation\\\/\",\"name\":\"Formation\",\"description\":\"Cultivons ensemble votre r\u00e9ussite\",\"potentialAction\":[{\"@type\":\"SearchAction\",\"target\":{\"@type\":\"EntryPoint\",\"urlTemplate\":\"https:\\\/\\\/arteoconseil.fr\\\/formation\\\/?s={search_term_string}\"},\"query-input\":{\"@type\":\"PropertyValueSpecification\",\"valueRequired\":true,\"valueName\":\"search_term_string\"}}],\"inLanguage\":\"fr-FR\"}]}<\/script>\n<!-- \/ Yoast SEO plugin. -->","yoast_head_json":{"title":"Politique de confidentialit\u00e9 - Formation","robots":{"index":"index","follow":"follow","max-snippet":"max-snippet:-1","max-image-preview":"max-image-preview:large","max-video-preview":"max-video-preview:-1"},"canonical":"https:\/\/arteoconseil.fr\/formation\/politique-de-confidentialite\/","og_locale":"fr_FR","og_type":"article","og_title":"Politique de confidentialit\u00e9 - Formation","og_description":"Introduction ARTEO CONSEIL vous informe de la possible collecte de certaines de vos donn\u00e9es personnelles, c&rsquo;est pourquoi nous nous engageons \u00e0 respecter la confidentialit\u00e9 des renseignement personnels que nous collectons conform\u00e9ment au R\u00e8glement G\u00e9n\u00e9ral sur la Protection des Donn\u00e9es (General Data Protection Regulation) adopt\u00e9 par le Parlement Europ\u00e9en le 14 Avril 2016 et \u00e0 la [&hellip;]","og_url":"https:\/\/arteoconseil.fr\/formation\/politique-de-confidentialite\/","og_site_name":"Formation","article_modified_time":"2020-12-21T11:06:54+00:00","twitter_card":"summary_large_image","twitter_misc":{"Dur\u00e9e de lecture estim\u00e9e":"7 minutes"},"schema":{"@context":"https:\/\/schema.org","@graph":[{"@type":"WebPage","@id":"https:\/\/arteoconseil.fr\/formation\/politique-de-confidentialite\/","url":"https:\/\/arteoconseil.fr\/formation\/politique-de-confidentialite\/","name":"Politique de confidentialit\u00e9 - Formation","isPartOf":{"@id":"https:\/\/arteoconseil.fr\/formation\/#website"},"datePublished":"2018-06-01T09:54:38+00:00","dateModified":"2020-12-21T11:06:54+00:00","breadcrumb":{"@id":"https:\/\/arteoconseil.fr\/formation\/politique-de-confidentialite\/#breadcrumb"},"inLanguage":"fr-FR","potentialAction":[{"@type":"ReadAction","target":["https:\/\/arteoconseil.fr\/formation\/politique-de-confidentialite\/"]}]},{"@type":"BreadcrumbList","@id":"https:\/\/arteoconseil.fr\/formation\/politique-de-confidentialite\/#breadcrumb","itemListElement":[{"@type":"ListItem","position":1,"name":"Accueil","item":"https:\/\/arteoconseil.fr\/formation\/"},{"@type":"ListItem","position":2,"name":"Politique de confidentialit\u00e9"}]},{"@type":"WebSite","@id":"https:\/\/arteoconseil.fr\/formation\/#website","url":"https:\/\/arteoconseil.fr\/formation\/","name":"Formation","description":"Cultivons ensemble votre r\u00e9ussite","potentialAction":[{"@type":"SearchAction","target":{"@type":"EntryPoint","urlTemplate":"https:\/\/arteoconseil.fr\/formation\/?s={search_term_string}"},"query-input":{"@type":"PropertyValueSpecification","valueRequired":true,"valueName":"search_term_string"}}],"inLanguage":"fr-FR"}]}},"_links":{"self":[{"href":"https:\/\/arteoconseil.fr\/formation\/wp-json\/wp\/v2\/pages\/1823","targetHints":{"allow":["GET"]}}],"collection":[{"href":"https:\/\/arteoconseil.fr\/formation\/wp-json\/wp\/v2\/pages"}],"about":[{"href":"https:\/\/arteoconseil.fr\/formation\/wp-json\/wp\/v2\/types\/page"}],"author":[{"embeddable":true,"href":"https:\/\/arteoconseil.fr\/formation\/wp-json\/wp\/v2\/users\/7"}],"replies":[{"embeddable":true,"href":"https:\/\/arteoconseil.fr\/formation\/wp-json\/wp\/v2\/comments?post=1823"}],"version-history":[{"count":3,"href":"https:\/\/arteoconseil.fr\/formation\/wp-json\/wp\/v2\/pages\/1823\/revisions"}],"predecessor-version":[{"id":2002,"href":"https:\/\/arteoconseil.fr\/formation\/wp-json\/wp\/v2\/pages\/1823\/revisions\/2002"}],"wp:attachment":[{"href":"https:\/\/arteoconseil.fr\/formation\/wp-json\/wp\/v2\/media?parent=1823"}],"curies":[{"name":"wp","href":"https:\/\/api.w.org\/{rel}","templated":true}]}}